{"id":41,"date":"2013-04-08T18:33:01","date_gmt":"2013-04-08T18:33:01","guid":{"rendered":"http:\/\/wordpressbarrinar.barrinarcapalasostenibilitat.org\/?page_id=41"},"modified":"2016-12-07T20:51:29","modified_gmt":"2016-12-07T19:51:29","slug":"sensibilizacion","status":"publish","type":"page","link":"http:\/\/barrinar.cat\/?page_id=41","title":{"rendered":"Sensibilitzaci\u00f3 en Agroecologia"},"content":{"rendered":"<p>A m\u00e9s a m\u00e9s d\u2019oferir menjar amb productes de qualitat, saludables i de baix impacte, amb la nostra activitat busquem <b>motivar un canvi<\/b> cap a pautes de consum m\u00e9s <b>sostenibles.<\/b><\/p>\n<p>Oferim una alternativa al model de consum predominant: un <b>consum conscient<\/b> per una <b>alimentaci\u00f3 responsable i transformadora<\/b>. Una opci\u00f3 m\u00e9s respectuosa amb el medi ambient i m\u00e9s justa socialment.<\/p>\n<p>Entenem el nostre treball com una forma <b>d\u2019educar<\/b> i <b>sensibilitzar<\/b> respecte les <b>problem\u00e0tiques <\/b>socials i ambientals que envolten el <b>sistema agroalimentari global<\/b>. Per aix\u00f2, ens recolzem en dues l\u00ednies d\u2019acci\u00f3.<\/p>\n<p>1) <b>Amb el menjar sobre la taula:<\/b> amb el nostre servei de c\u00e0tering sostenible i mitjan\u00e7ant del consum de productes ecol\u00f2gics, locals, de temporada i amb criteris de prevenci\u00f3 de residus.<\/p>\n<p>2) Amb la realitzaci\u00f3 <b>d\u2019activitats<\/b> <b>de sensibilitzaci\u00f3<\/b> com poden ser : tallers per diferents tipus de p\u00fablics (de nens, adults i gent gran), xerrades, m\u00f2duls expositius, projecci\u00f3 documentals i debat, obres de teatre f\u00f2rum, etc.<\/p>\n","protected":false},"excerpt":{"rendered":"<p>A m\u00e9s a m\u00e9s d\u2019oferir menjar amb productes de qualitat, saludables i de baix impacte, amb la nostra activitat busquem motivar un canvi cap a pautes de consum m\u00e9s sostenibles. Oferim una alternativa al model de consum predominant: un consum &hellip;<\/p>\n<p class=\"read-more\"> <a class=\"more-link\" href=\"http:\/\/barrinar.cat\/?page_id=41\"> <span class=\"screen-reader-text\">Sensibilitzaci\u00f3 en Agroecologia<\/span> Leer m\u00e1s \u00bb<\/a><\/p>\n","protected":false},"author":2,"featured_media":0,"parent":0,"menu_order":3,"comment_status":"closed","ping_status":"closed","template":"full-width-page.php","meta":{"footnotes":""},"class_list":["post-41","page","type-page","status-publish","hentry"],"_links":{"self":[{"href":"http:\/\/barrinar.cat\/index.php?rest_route=\/wp\/v2\/pages\/41","targetHints":{"allow":["GET"]}}],"collection":[{"href":"http:\/\/barrinar.cat\/index.php?rest_route=\/wp\/v2\/pages"}],"about":[{"href":"http:\/\/barrinar.cat\/index.php?rest_route=\/wp\/v2\/types\/page"}],"author":[{"embeddable":true,"href":"http:\/\/barrinar.cat\/index.php?rest_route=\/wp\/v2\/users\/2"}],"replies":[{"embeddable":true,"href":"http:\/\/barrinar.cat\/index.php?rest_route=%2Fwp%2Fv2%2Fcomments&post=41"}],"version-history":[{"count":7,"href":"http:\/\/barrinar.cat\/index.php?rest_route=\/wp\/v2\/pages\/41\/revisions"}],"predecessor-version":[{"id":43,"href":"http:\/\/barrinar.cat\/index.php?rest_route=\/wp\/v2\/pages\/41\/revisions\/43"}],"wp:attachment":[{"href":"http:\/\/barrinar.cat\/index.php?rest_route=%2Fwp%2Fv2%2Fmedia&parent=41"}],"curies":[{"name":"wp","href":"https:\/\/api.w.org\/{rel}","templated":true}]}}

Sensibilització en Agroecologia

<p>A més a més d’oferir menjar amb productes de qualitat, saludables i de baix impacte, amb la nostra activitat busquem <b>motivar un canvi</b> cap a pautes de consum més <b>sostenibles.</b></p>
<p>Oferim una alternativa al model de consum predominant: un <b>consum conscient</b> per una <b>alimentació responsable i transformadora</b>. Una opció més respectuosa amb el medi ambient i més justa socialment.</p>
<p>Entenem el nostre treball com una forma <b>d’educar</b> i <b>sensibilitzar</b> respecte les <b>problemàtiques </b>socials i ambientals que envolten el <b>sistema agroalimentari global</b>. Per això, ens recolzem en dues línies d’acció.</p>
<p>1) <b>Amb el menjar sobre la taula:</b> amb el nostre servei de càtering sostenible i mitjançant del consum de productes ecològics, locals, de temporada i amb criteris de prevenció de residus.</p>
<p>2) Amb la realització <b>d’activitats</b> <b>de sensibilització</b> com poden ser : tallers per diferents tipus de públics (de nens, adults i gent gran), xerrades, mòduls expositius, projecció documentals i debat, obres de teatre fòrum, etc.</p>

<p>A més a més d’oferir menjar amb productes de qualitat, saludables i de baix impacte, amb la nostra activitat busquem motivar un canvi cap a pautes de consum més sostenibles. Oferim una alternativa al model de consum predominant: un consum &hellip;</p>
<p class="read-more"> <a class="more-link" href="http://barrinar.cat/?page_id=41"> <span class="screen-reader-text">Sensibilització en Agroecologia</span> Leer más »</a></p>
